?
False
Is 826969499 a composite number?
True
Is 16714050949 a composite number?
True
Is 99876730871 composite?
False
Is 61417813 a prime number?
True
Is 11907503077 a prime number?
False
Is 517471033 prime?
True
Is 292106723 composite?
False
Is 414302263 a composite number?
True
Is 2336179873 a prime number?
False
Is 1063162411 prime?
True
Is 1458294161 composite?
False
Is 418717882393 prime?
True
Is 592414241 a composite number?
True
Is 3371355943 prime?
True
Is 7086090139 prime?
False
Is 504189289 composite?
False
Is 1295787523 a prime number?
True
Is 8159200739 a prime number?
True
Is 806941721 a prime number?
True
Is 20206202173 composite?
False
Is 363764514007 prime?
True
Is 153126977 prime?
True
Is 171472633 a composite number?
True
Is 115591127059 prime?
False
Is 353639695337 a composite number?
True
Is 1282626517 a prime number?
True
Is 4749753997 a prime number?
True
Is 9428270647 composite?
True
Is 1920771799 composite?
True
Is 797844743 a prime number?
True
Is 5146599167 composite?
True
Is 19953047117 composite?
False
Is 19571350811 a prime number?
True
Is 41732993 a composite number?
False
Is 137611977149 a prime number?
True
Is 956420501 prime?
False
Is 8401664345 composite?
True
Is 212107829 a composite number?
False
Is 383726461 prime?
False
Is 638618953 prime?
False
Is 17998500077 a prime number?
True
Is 4631576485 a composite number?
True
Is 35539705601 a prime number?
True
Is 1713949619 composite?
True
Is 12786758857 composite?
False
Is 84714708931 a composite number?
False
Is 9796439581 a composite number?
False
Is 70050526517 prime?
True
Is 21683051287 composite?
True
Is 1360835563 composite?
False
Is 2483586383 composite?
False
Is 393139889 prime?
False
Is 437866391 a prime number?
True
Is 374982161 composite?
True
Is 9610348651 composite?
False
Is 3831580213 prime?
True
Is 11362814723 a composite number?
True
Is 495614446 a composite number?
True
Is 9340735553 a prime number?
False
Is 403660099 a prime number?
False
Is 1105361951 composite?
True
Is 30003206491 a prime number?
True
Is 7466933009 composite?
True
Is 27895299331 a prime number?
False
Is 131628381959 a composite number?
False
Is 200566433 composite?
False
Is 2796930655 prime?
False
Is 203107277 a prime number?
True
Is 110662186231 composite?
False
Is 210951178 composite?
True
Is 9016295261 prime?
True
Is 2017857203 a composite number?
True
Is 148526683 a prime number?
True
Is 309020171 composite?
False
Is 4484553427 prime?
False
Is 4393727237 a composite number?
True
Is 13143297099 a prime number?
False
Is 2313456707 a composite number?
True
Is 241759762883 composite?
True
Is 21781520753 prime?
False
Is 62422529773 composite?
True
Is 17274786527 composite?
False
Is 150852118201 a prime number?
False
Is 5733248731 prime?
False
Is 427270201 a composite number?
True
Is 88011406709 prime?
True
Is 3947086289 prime?
False
Is 5674882901 a composite number?
True
Is 46040723 a composite number?
True
Is 527183053 a prime number?
False
Is 11432124049 a composite number?
True
Is 58851546499 a composite number?
True
Is 1093792211 composite?
False
Is 17797739867 composite?
False
Is 6429727259 a composite number?
True
Is 43847800151 prime?
True
Is 866321941 prime?
False
Is 406717617409 a prime number?
False
Is 24636004097 a prime number?
False
Is 16605481133 a prime number?
True
Is 363907261 composite?
False
Is 3155576417 prime?
False
Is 1415603039 prime?
False
Is 4099585381 prime?
True
Is 53311851969 a composite number?
True
Is 50716526297 composite?
True
Is 102451661249 prime?
False
Is 3241994993 a composite number?
False
Is 7039657571 prime?
False
Is 36881646955 prime?
False
Is 15662732797 composite?
False
Is 2058317123 prime?
False
Is 12940315667 composite?
False
Is 4816730137 a prime number?
False
Is 6852169631 a composite number?
False
Is 551202398 a prime number?
False
Is 5962306139 composite?
False
Is 54736664897 prime?
False
Is 3700584941 composite?
True
Is 8549508653 a prime number?
False
Is 3082057 a prime number?
False
Is 51396933667 prime?
True
Is 484956827 composite?
False
Is 33153512107 a composite number?
True
Is 8400918049 composite?
True
Is 6339762445 composite?
True
Is 25546468357 prime?
False
Is 3006775931 composite?
False
Is 110512605481 prime?
False
Is 10183348531 prime?
False
Is 150664531 a prime number?
False
Is 14940643763 prime?
False
Is 2254276049 prime?
False
Is 13044687653 composite?
True
Is 16465853293 prime?
False
Is 25572634649 a prime number?
False
Is 66995129 composite?
True
Is 8204046161 a prime number?
False
Is 5774170159 composite?
False
Is 73497657563 a composite number?
True
Is 10998387349 a composite number?
True
Is 169018111 prime?
True
Is 6618430519 a prime number?
True
Is 24693637861 composite?
True
Is 3318650663 composite?
True
Is 1764090233 composite?
False
Is 199402033541 a composite number?
False
Is 40726414117 a composite number?
True
Is 2999249063 prime?
False
Is 20099307257 a prime number?
False
Is 3016436587 a composite number?
False
Is 46113826007 a composite number?
False
Is 1253823281 a prime number?
False
Is 2225183927 a composite number?
True
Is 797466911 composite?
True
Is 908228527 prime?
True
Is 1475600779 composite?
False
Is 513988093 a prime number?
True
Is 173346185 a prime number?
False
Is 4139980259 a composite number?
False
Is 10273399447 a composite number?
True
Is 27783947 composite?
True
Is 3615573893 composite?
False
Is 46164850603 prime?
True
Is 3608938621 a composite number?
False
Is 1113226561 composite?
True
Is 352358243 prime?
False
Is 1415959907 prime?
True
Is 1035874717 composite?
True
Is 891561773 prime?
True
Is 3507524231 composite?
False
Is 4610726863 composite?
True
Is 8186425237 a prime number?
False
Is 760557887 a prime number?
True
Is 241294831 composite?
False
Is 3783420451 a prime number?
False
Is 142311469 a composite number?
True
Is 1490854787 a prime number?
True
Is 8689502357 prime?
True
Is 3732306503 a composite number?
False
Is 1947876283 a prime number?
True
Is 12542689927 prime?
False
Is 2761267693 composite?
True
Is 1450949047 composite?
False
Is 88723643579 prime?
True
Is 1725041999 prime?
True
Is 583207541 a composite number?
True
Is 42748859011 prime?
True
Is 15642409 a prime number?
True
Is 1639865377 prime?
True
Is 19162476067 composite?
True
Is 456010473 composite?
True
Is 8539441 a composite number?
False
Is 568227467 composite?
False
Is 4127254546 composite?
True
Is 439004639 composite?
True
Is 26405528951 a composite number?
False
Is 1115621779 prime?
True
Is 7029021869 composite?
True
Is 2366144801 prime?
False
Is 565586635 a prime number?
False
Is 10144897933 prime?
False
Is 5052582197 a prime number?
False
Is 51343109 a composite number?
False
Is 645085489 a prime number?
False
Is 2447398223 prime?
True
Is 53981370579 a composite number?
True
Is 142771961 composite?
False
Is 4602906563 a prime number?
False
Is 135170003 composite?
True
Is 14768615989 a prime number?
False
Is 4026565673 a composite number?
True
Is 67471969 composite?
True
Is 3625919933 composite?
False
Is 38615407 a composite number?
False
Is 2078337829 a composite number?
True
Is 7572239011 a prime number?
True
Is 682176073 a prime number?
False
Is 563770747 a composite number?
True
Is 769032631 composite?
False
Is 2185311473 composite?
False
Is 12838930319 a composite number?
False
Is 9434950601 prime?
False
Is 158085997 a composite number?
False
Is 997846411 a prime number?
True
Is 75889727 composite?
False
Is 49724231393 a prime number?
True
Is 2762463659 composite?
False
Is 30724115473 a prime number?
True
Is 73108501223 prime?
True
Is 16231289807 composite?
False
Is 41380743233 a composite number?
True
Is 271613879 a composite number?
True
Is 281388307 a prime number?
True
Is 92985491 a prime number?
False
Is 499525771 a composite number?
False
Is 7290573907 composite?
False
Is 16685381359 a prime number?
False
Is 726448673 a composite number?
False
Is 994646621 prime?
False
Is 13217083043 composite?
False
Is 399748099 prime?
True
Is 1257529519 prime?
True
Is 5926434743 a composite number?
False
Is 720910219 a prime number?
True
Is 16912780981 prime?
False
Is 47587400633 a prime number?
False
Is 75013111 composite?
True
Is 71172201391 prime?
False
Is 814091569 prime?
False
Is 1594743593 a prim